 and o.
11
Let u be (102/18)/((-1)/(-3)). Suppose t + u = -4*i - i, -4*t + 27 = i. Let d = 119 - 31. What is the highest common factor of d and t?
8
Let v(w) = 8*w**2 + 2*w - 2. Let b be v(2). Let d be ((-694728)/44)/(-18) - 4/22. Suppose d*p = 862*p + 2040. What is the highest common factor of p and b?
34
Suppose -74*u + 25367 + 47745 = 0. What is the greatest common factor of 104 and u?
52
Let v(i) = 11*i**2 + 2*i + 4*i**2 + 64 - 77 + i**3 + 72. Let z be v(-15). What is the highest common divisor of 3 and z?
1
Let y(z) = -383*z - 348. Let i be y(-13). Calculate the highest common divisor of i and 11.
11
Suppose 3*x - 330 = 4*m + 74, -16 = -4*m. Calculate the highest common factor of x and 2408.
28
Let l(a) = 3*a + 27. Suppose -8*p + 7*p = -9. Let y be l(p). Suppose 3*i - y = 6. What is the highest common factor of i and 30?
10
Suppose 5*q + 2*j - 55 = 0, -5*j - 8 = q - 42. Suppose -5*a + 38 = 3*o, -2*o - a + 21 = -q. What is the greatest common divisor of 1 and o?
1
Let m(d) = d**3 - 9*d**2 + 10*d - 4. Let b be m(8). Let u = -1063 + 1339. What is the highest common factor of b and u?
12
Let q be 2/(-8) - 1009*6/(-24). Suppose -12*k - q = -14*k. Calculate the greatest common factor of k and 18.
18
Let c = 1 - -13. Let p = 1221 - 587. Suppose -9*t + 652 = p. What is the highest common divisor of c and t?
2
Suppose 58*s - 1885 = 33*s - 4*s. Let f(p) = -2*p + 3. Let w be f(-5). Suppose w = -y + s. Calculate the highest common factor of 39 and y.
13
Let f = 33 + -19. Let y = f + -5. Suppose 0 = -r + 6*i + 18, 4*r - 4*i = -i + 30. What is the highest common divisor of r and y?
3
Suppose 0 = t - 0*n - 4*n - 114, 2*n + 110 = t. Let h = t + -100. What is the highest common divisor of h and 102?
6
Let o = 3028 + -121. What is the greatest common factor of 765 and o?
153
Let d(l) = 39*l - 59. Suppose 2*k + 4*m - 3 = 13, k + 4*m - 10 = 0. Let y be d(k). Let i = 16 + 9. Calculate the highest common factor of y and i.
25
Suppose -4*s = 5*f + 127 - 606, -3*s = 2*f - 368. Suppose -5*a + 115 + 98 = 4*k, -2*k + 4*a + s = 0. What is the highest common factor of k and 6?
3
Suppose v = n + 9, 0 = 2*v - 36*n + 31*n - 3. Let m = -1 + 3. What is the greatest common factor of m and v?
2
Let o = 82 - 80. Suppose l - 8 = -2*n, l + o*n - 4 = 4*n. Suppose -l*z = -10*z + 352. What is the greatest common divisor of 22 and z?
22
Let d(z) = -46*z**3 + 36*z**3 + 12*z**3 + 69*z - 18*z**2 - 7. Let q be d(7). What is the greatest common factor of 120 and q?
40
Let d(s) = s**2 + 10*s + 18. Let q be d(-8). Let y be -28*((-1)/6)/(q/6). Let a = y + -13. Calculate the highest common factor of a and 2.
1
Suppose -24*x + 2*s - 48 = -28*x, 4*x = 5*s + 90. Let g be (4 + -1)/(6/40). Calculate the highest common divisor of x and g.
5
Let g = -56 + 53. Let y be 4 + 1/(g/(-6)). Suppose -3*k - y = -3, 41 = w - k. Calculate the highest common divisor of 8 and w.
8
Let d = -41 - -30. Let n(b) be the first derivative of b**4/4 + 11*b**3/3 - b**2/2 - 3*b - 19. Let o be n(d). What is the greatest common divisor of o and 40?
8
Suppose 0*m + 2*j + 26 = 4*m, 3*m = -5*j. Suppose -5*x + 11 + 3 = -2*u, -m*u + x = -11. Let o be 4*((-99)/4)/(-3). What is the highest common factor of o and u?
3
Suppose -59 = -5*x - 49, -2*z - 3*x = -20. Let q be z/(-4)*-4*(-8)/(-28). What is the greatest common factor of 58 and q?
2
Suppose 26*x + 299 - 3211 = 0. Calculate the highest common divisor of 308 and x.
28
Let a be (6 + 0)/(-1) + 8. Let t be 3/a*((-387)/(-27) - -3). Calculate the greatest common factor of 39 and t.
13
Let t = -126 + 189. Let i be (4 - 5) + 4 + 3 + -3. Suppose -3*n + 48 = -i*d + 5*d, -5*n + 55 = -5*d. Calculate the highest common divisor of t and n.
7
Let k be (116 - -2)/(116/(-24) - -5). Calculate the highest common factor of 96 and k.
12
Suppose -2*m + 0*m - 296 = -3*s, -5*s - m = -489. Let f = s + -93. Suppose -f*u + 17 = 2. What is the highest common divisor of 39 and u?
3
Let o be ((266868/24)/(-21))/((-3)/4). Let t = o - 678. Calculate the highest common divisor of t and 980.
28
Suppose 0 = u - 5*w - 18 - 23, 5*u - 5*w - 105 = 0. Suppose 41 - 5 = 4*c - 4*x, -5*x + 5 = 0. What is the greatest common divisor of u and c?
2
Let f(t) = t**2 + 5*t + 12. Let c be f(-4). Let r be -4*(10/c + -3). Let i be (r/(-3) + 1/3)/(-2). Calculate the greatest common factor of 2 and i.
1
Suppose -3*o = -w - 0*w - 441, 4*w = 0. Let f = o - 119. What is the highest common divisor of 28 and f?
28
Let u be -6 + 6 + 1177 - (11 + -2). What is the greatest common divisor of u and 36?
4
Suppose 8*c - 7*c - 2*l - 27 = 0, 4*c - 158 = -2*l. Let r = -22 + c. What is the highest common divisor of 10 and r?
5
Suppose -3*y + 21 = 3. Let a(l) = -4*l + 53. Let j be a(13). Suppose -9*s - j + 19 = 0. What is the highest common divisor of s and y?
2
Let p(i) = -2*i**3 + 4*i**2 - 10*i + 21. Let q be p(2). What is the highest common divisor of 19 and q?
1
Let t be 31598/10 + 1/(-4)*(-1248)/(-390). What is the greatest common divisor of 972 and t?
243
Suppose -3*z + 1300 = 4*b - 0*b, 2155 = 5*z - 5*b. Let t = -202 + z. What is the greatest common divisor of 92 and t?
46
Let a = -28 - -49. Suppose -2*h + a = 1. Suppose v - 14 - h = 0. What is the highest common factor of v and 36?
12
Let v(z) = z**3 - 15*z**2 + 29*z - 66. Let w be v(15). Calculate the highest common divisor of 820 and w.
41
Let o(u) = u**2 + 11*u - 1. Let k be o(24). Suppose d = 2*j - 635, 4*d - 219 = 2*j - k. Calculate the highest common factor of 40 and j.
40
Suppose -38*c = 24*c - 10044. Calculate the highest common divisor of c and 12.
6
Let w be (-18)/(-8) - (5/(-4))/(-5). Let l be -11*((w - -3) + 0). Let f = 62 + l. Calculate the highest common divisor of 91 and f.
7
Suppose 3*o - 10623 = -4*u, -5*o + 2769 + 5212 = 3*u. Calculate the highest common divisor of 24 and u.
12
Let f(z) = 163*z**2 + 25*z - 121. Let u be f(4). Calculate the greatest common divisor of 39 and u.
13
Suppose -1272 = 6*z - 1320. Let l be z/((-48)/(-42)) - -7. Calculate the greatest common divisor of l and 6.
2
Suppose -121*b = -122*b + 6, 368 = 5*i + 3*b. What is the highest common factor of 2920 and i?
10
Suppose 4*q - 6 - 78 = 0. Let o be 18/36*(2 - -8). Suppose -o*w - 2*g = -943, 2*g - 176 = -3*w + 389. What is the highest common divisor of q and w?
21
Suppose -2*g + 2*k = -72, 5*k = -g + 3*k + 48. What is the greatest common divisor of g and 13?
1
Let f = 3237 + -3104. Calculate the highest common divisor of 28 and f.
7
Let o = -52 - -66. Suppose -12 = -13*v + o. Let d = v + 11. What is the highest common factor of 26 and d?
13
Let a = 25 + 8. Let i = 376 - 365. What is the highest common factor of a and i?
11
Suppose 4*x + 62 - 298 = -4*k, -11*x - 3*k + 657 = 0. Calculate the greatest common divisor of x and 1830.
30
Let c = 4620 - 4546. Calculate the highest common divisor of c and 2923.
37
Let i(j) = -j**2 - 22*j + 3. Let d be i(-22). Let v be (4 + -1)/(d/82). Let p = -80 + v. What is the highest common factor of 16 and p?
2
Let b be (-12375)/330*4124/(-5). What is the greatest common divisor of 30 and b?
30
Suppose 2*p - 5*j = 9, -2*j = -p - 0 + 4. Let x = p + 31. Let b = -27 + x. Calculate the greatest common factor of 24 and b.
6
Suppose 8*w - 1450 = 1038. Suppose 0 = -w*j + 301*j + 60. What is the greatest common factor of j and 258?
6
Let c(p) = p**3 - 6*p**2 + 8*p + 24. Let v be c(4). Let h = -28 - -44. What is the highest common divisor of h and v?
8
Suppose -44*z = 99*z - 25*z - 1180. What is the highest common divisor of z and 10180?
10
Suppose 3246*k - 520 = 3233*k. Calculate the highest common factor of 5160 and k.
40
Let p be -6 - 1/(536/(-88) - -6). What is the highest common factor of 540 and p?
5
Let h be (-27)/(-45) - 588/(-20). Let s(n) = n**2 - n - 2. Let k be s(-5). Suppose 0 = v + k - 88. What is the greatest common factor of h and v?
30
Let p be 35192/1060*(-1 - 0 - -16). What is the greatest common factor of p and 830?
166
Let g = -5161 + 6817. Calculate the greatest common divisor of g and 24.
24
Let j(t) = 72*t - 412. Let g be j(6). What is the greatest common divisor of g and 35?
5
Let n be 9*(2/(-48) - (-15)/40). Suppose n*f - 78 = -3*x, f - x + 4*x - 24 = 0. What is the greatest common factor of f and 1?
1
Let g(w) = w**2 - 5*w + 7. Let d be g(3). Let 